est common divisor of d and 2.
2
Let s(p) be the first derivative of -4*p**2 + 2*p - 1/4*p**4 - 3*p**3 - 1. Let x be s(-8). What is the greatest common divisor of x and 4?
2
Let j be 47 - (0 - 2)/(-1). Calculate the greatest common divisor of 135 and j.
45
Let m be 8/2*3/2. Suppose 19 = 19*o - 38. What is the greatest common divisor of m and o?
3
Let q(c) = -c**2 - c + 14. Let y be q(0). Suppose 5*a - 3*l + 17 = 81, 5*a - 78 = -4*l. Calculate the highest common factor of y and a.
14
Let j(v) = -3*v + 29. Let s(f) = -f + 10. Let k(p) = 4*j(p) - 11*s(p). Let t be k(-6). Suppose 54 = 4*m + 6. What is the greatest common divisor of m and t?
12
Let y be 1 + (-4)/(-2) + 2. What is the greatest common divisor of y and 45?
5
Let z = -27 + 27. Suppose z*p = 5*p - 1040. Calculate the highest common factor of p and 26.
26
Suppose -10*x + 160 = -390. What is the greatest common divisor of x and 11?
11
Let k be (15/(-10))/((-6)/80). What is the highest common divisor of 20 and k?
20
Let o = 5 - -16. Suppose -5 = -2*s + 1. Calculate the highest common divisor of s and o.
3
Let a(g) = g - 3. Let y be a(11). Suppose 3*r + r = 64. What is the highest common factor of r and y?
8
Suppose 2*i + 24 = 3*p - 140, 4*i = -2*p + 120. What is the highest common factor of 7 and p?
7
Suppose 4*m + 5*c = 38 + 41, 3*m - 3*c = 39. Calculate the highest common factor of m and 32.
16
Let a be (-2)/(-6) + 8/(-6). Let u be (-11)/a + 0 + 3. Let k = 14 - -7. Calculate the highest common divisor of u and k.
7
Let i be 6/(-12)*-80 - 4. Suppose 3*f - 48 = f. What is the greatest common divisor of i and f?
12
Let u = 38 + -30. Calculate the greatest common factor of u and 1.
1
Let n(z) = z**3 + 7*z**2 - 3*z. Let l be n(-6). Calculate the greatest common factor of 36 and l.
18
Suppose -5*a + 404 = 3*x, -2*x + 5*a = -0*a - 311. Suppose -3*s + 15 = -4*p + 82, -4*s - 20 = 0. Calculate the greatest common divisor of x and p.
13
Let x = -103 - -159. Suppose -z + 6*z - 70 = 0. What is the highest common divisor of z and x?
14
Let u(n) = n + 24. Let p be u(0). What is the greatest common factor of 24 and p?
24
Suppose 2*p - 5 = 5. Suppose -6*c + p*c + 3 = 0. Calculate the greatest common divisor of c and 3.
3
Let w = 1 + 0. Let b be 9 + -1*2*w. Let a = b + -2. What is the greatest common factor of 15 and a?
5
Let z(x) = -x**2 + 10*x - 4. Let b be z(9). Suppose b*i - 240 = -0*i. Suppose 0*m - i = -3*m. What is the highest common factor of 80 and m?
16
Suppose -2*m = -6*m + 12. Let h = -2 + m. What is the highest common factor of 4 and h?
1
Let s(t) = -t**3 - 6*t**2 - 3*t - 8. Let i be s(-6). Suppose 2*l + l = -5*h + 55, 2*l + h = 46. Calculate the highest common divisor of l and i.
5
Let k be -3 + (-41 + -2)/(-1). Suppose -q + 2*d - 32 = 0, -q + d - 10 - 18 = 0. Let y = k + q. Calculate the highest common divisor of 80 and y.
16
Let k be (-21)/(-5) + 3/(-15). Let x(m) = -2*m**2 + 18*m - 12. Let y be x(7). What is the greatest common divisor of k and y?
4
Let i(f) = -2*f - 1. Let b(t) = -t**3 - 5*t**2 - 5*t - 5. Let l be b(-4). Let z be i(l). What is the highest common divisor of 9 and z?
1
Suppose -3*c + 16 = -2*c. Let u = c - -2. What is the greatest common factor of u and 27?
9
Suppose -5*q + 3*q = -8. Let h be ((-2)/q)/(1/(-14)). Calculate the greatest common divisor of 21 and h.
7
Let d = 5 + -7. Let h be (6 - d)*45/12. Calculate the highest common factor of 45 and h.
15
Suppose -65 = -5*i - 2*w, -4*i + 30 = -i + 3*w. Suppose -v = -2*v - i. Let l be ((-14)/5)/(3/v). Calculate the highest common factor of l and 56.
14
Let y(w) = 2*w**2 - 6*w + 4. Let l be y(6). Let f be (-25)/2*12/(-15). Calculate the highest common factor of f and l.
10
Let h = 8 + -4. Calculate the greatest common divisor of 4 and h.
4
Suppose r - y - 2*y + 17 = 0, 4*r - 2*y + 38 = 0. Let t be (6/r)/(2/(-8)). Let j = -79 + 112. What is the greatest common factor of j and t?
3
Suppose -5*v + 119 = -61. Let f(h) = -h**2 - 6*h + 7. Let s be f(-5). Calculate the highest common divisor of v and s.
12
Suppose 272 = 16*n - 8*n. Let g be (-2)/(-5) + 253/5. Calculate the greatest common divisor of g and n.
17
Suppose -7*x = -411 - 37. Let c(y) = 7*y**2 + 4*y + 5. Let p be c(-5). Calculate the greatest common factor of p and x.
32
Let a be 3 + 8 + -3 - 3. Calculate the greatest common divisor of 30 and a.
5
Suppose 196 = -6*u + 856. Calculate the greatest common divisor of 44 and u.
22
Suppose 0 = 2*p + j - 45, 0*p + 4*p - 93 = -5*j. Suppose 5*t - p = 3*t. Let z(f) = f**2 + f + 44. Let m be z(0). What is the highest common factor of t and m?
11
Let t = -7 - -24. Calculate the highest common divisor of 136 and t.
17
Suppose 0 = -5*n + 2*n + 2*u + 39, -13 = -n - u. What is the highest common divisor of 52 and n?
13
Let q(v) = v**2 + 3*v + 1. Let j be q(-3). Let y be (2 - 0 - j)*-3. Let n be (6 - 1)/(y/(-6)). Calculate the highest common factor of 100 and n.
10
Suppose -q + 5*n = -45, -2*q + 5*n = -0*n - 110. Suppose 0 = 2*o - 10, 3*o - 2*o - q = -5*h. Let u = 59 - 35. What is the highest common divisor of h and u?
12
Let f(y) = -7*y + 47. Let s be f(-15). What is the greatest common factor of s and 57?
19
Let d be 2 + -3 + (4 - -6). Calculate the highest common divisor of d and 81.
9
Suppose 2 = y - 3. Suppose -2*z + 4*m + 86 = 0, y*z + 47 = -4*m + 276. What is the greatest common factor of 5 and z?
5
Let o = 12 + 56. Let w = -5 - -9. Suppose -5*r = w - 89. What is the highest common divisor of o and r?
17
Suppose -3*n - 10 = -5*n. Suppose n*h - 458 - 102 = 0. What is the greatest common divisor of h and 16?
16
Let q = -5 - -12. Let h = q - 5. Let z be 0/3 - (-16 + 0). Calculate the greatest common factor of z and h.
2
Let b(q) = -15*q - 35. Let a be b(-9). Calculate the greatest common factor of 250 and a.
50
Let u be (-2 + 38 + 0)/1. Calculate the greatest common divisor of u and 24.
12
Let b be 4*1 - (2 + 4 + -3). Calculate the greatest common factor of 12 and b.
1
Let c(n) = n + 13. Let f be c(-11). Suppose 4*u - 6*i + 2*i = 76, u = 5*i + 31. Calculate the highest common factor of f and u.
2
Let v = 61 + -31. Suppose 19 = g + 2*n, -3*g = -g + 2*n - v. What is the highest common divisor of g and 11?
11
Let p be (-5 - (-56)/10)*(-170)/(-2). Calculate the highest common divisor of p and 34.
17
Let n(i) = -i**3 - 13*i**2 + 7*i - 34. Let m be n(-14). Calculate the highest common divisor of m and 8.
8
Let s be 156*((-14)/(-8) - 1). Let l be ((-13)/(-5))/(5/25). What is the greatest common divisor of s and l?
13
Let d(y) = -y + 23. Let g be d(16). Calculate the greatest common factor of 49 and g.
7
Suppose -i = 3*i - 44. Let b = i + 14. What is the highest common divisor of b and 50?
25
Suppose 4*j - w - 107 = 0, -4*w + 132 = 2*j + 2*j. Let d(t) = t**3 - 4*t**2 - 3*t + 4. Let c be d(5). What is the greatest common divisor of j and c?
14
Let y = 61 - 28. Let t = y - 13. Calculate the highest common factor of 10 and t.
10
Suppose 5*o + 5*n + 200 = 680, 96 = o - 4*n. What is the greatest common divisor of 12 and o?
12
Let l be (-3)/(-4) - (-114)/(-24). Let m(o) = 3*o**2 - 4*o + 4. Let j be m(l). What is the greatest common factor of 17 and j?
17
Let x = -28 + 138. Let p(s) = 12*s - 1. Let f(o) = -o**2 + 1. Let h be f(0). Let r be p(h). Calculate the highest common factor of r and x.
11
Let o be -2 + (328/40 - (-1)/(-5)). What is the greatest common divisor of o and 24?
6
Suppose 3*d = 6, -j - 9 + 75 = -d. Calculate the greatest common divisor of 17 and j.
17
Let p = 145 + -123. Calculate the highest common divisor of p and 121.
11
Let a be 52 - 0 - (1 - -1). What is the greatest common factor of a and 75?
25
Let x(m) = -m**3 - 13*m**2 - 15*m + 9. Suppose 36 = q - 4*q. Let y be x(q). Calculate the greatest common factor of y and 30.
15
Suppose -7 = -5*t + 3. Suppose 120 = 7*m - t*m. What is the highest common divisor of m and 8?
8
Let v = -4 - -5. Let z be v + 10 + -3 - 2. What is the highest common divisor of z and 48?
6
Let y(i) = 11*i - 47. Let t be y(16). What is the greatest common factor of t and 43?
43
Let k = 11 + -3. Suppose -3*t - 75 = -k*t. What is the highest common factor of 135 and t?
15
Let i = 108 + -68. Calculate the greatest common factor of i and 10.
10
Let c(b) = b**3 - b**2 + 3. Let r be 2/(-7) + (-6)/(-21). Let s 